y 25?
24
What is the remainder when 7361 is divided by 915?
41
What is the remainder when 13966 is divided by 6981?
4
Calculate the remainder when 1297 is divided by 43.
7
What is the remainder when 6550 is divided by 53?
31
What is the remainder when 1950 is divided by 287?
228
Calculate the remainder when 11397 is divided by 633.
3
What is the remainder when 42038 is divided by 462?
458
What is the remainder when 41932 is divided by 67?
57
What is the remainder when 4569 is divided by 4553?
16
What is the remainder when 4264 is divided by 1293?
385
What is the remainder when 26185 is divided by 88?
49
Calculate the remainder when 315862 is divided by 29.
23
What is the remainder when 475430 is divided by 8?
6
What is the remainder when 19167 is divided by 7?
1
What is the remainder when 8495 is divided by 182?
123
What is the remainder when 1404 is divided by 740?
664
Calculate the remainder when 25101 is divided by 135.
126
Calculate the remainder when 179110 is divided by 11.
8
Calculate the remainder when 21146 is divided by 2345.
41
Calculate the remainder when 712825 is divided by 82.
81
Calculate the remainder when 65789 is divided by 306.
305
Calculate the remainder when 7021 is divided by 3510.
1
What is the remainder when 124772 is divided by 161?
158
What is the remainder when 13834 is divided by 73?
37
Calculate the remainder when 3465 is divided by 17.
14
Calculate the remainder when 7675 is divided by 106.
43
Calculate the remainder when 11622 is divided by 93.
90
What is the remainder when 532855 is divided by 169?
167
What is the remainder when 111435 is divided by 27847?
47
What is the remainder when 746 is divided by 61?
14
Calculate the remainder when 126330 is divided by 329.
323
What is the remainder when 9767 is divided by 894?
827
Calculate the remainder when 36078 is divided by 36.
6
What is the remainder when 43635 is divided by 94?
19
Calculate the remainder when 8640 is divided by 376.
368
What is the remainder when 575895 is divided by 44298?
21
What is the remainder when 269819 is divided by 180?
179
What is the remainder when 135403 is divided by 307?
16
Calculate the remainder when 2865388 is divided by 457.
455
Calculate the remainder when 1229 is divided by 51.
5
Calculate the remainder when 214675 is divided by 27.
25
Calculate the remainder when 141810 is divided by 22.
20
What is the remainder when 100300 is divided by 229?
227
Calculate the remainder when 1860 is divided by 218.
116
What is the remainder when 11050 is divided by 201?
196
Calculate the remainder when 3824 is divided by 10.
4
Calculate the remainder when 7376 is divided by 263.
12
Calculate the remainder when 1008 is divided by 9.
0
What is the remainder when 61809 is divided by 91?
20
Calculate the remainder when 73631 is divided by 96.
95
Calculate the remainder when 9042 is divided by 16.
2
Calculate the remainder when 39893 is divided by 1050.
1043
What is the remainder when 5117 is divided by 2204?
709
Calculate the remainder when 1439 is divided by 162.
143
Calculate the remainder when 17552 is divided by 134.
132
What is the remainder when 2437 is divided by 26?
19
Calculate the remainder when 53008 is divided by 155.
153
What is the remainder when 2868 is divided by 200?
68
What is the remainder when 5796 is divided by 320?
36
What is the remainder when 20107 is divided by 532?
423
Calculate the remainder when 4552 is divided by 273.
184
Calculate the remainder when 6945 is divided by 332.
305
Calculate the remainder when 850 is divided by 395.
60
Calculate the remainder when 546455 is divided by 445.
440
Calculate the remainder when 45777 is divided by 2.
1
What is the remainder when 468646 is divided by 566?
564
What is the remainder when 95739 is divided by 133?
112
Calculate the remainder when 3771262 is divided by 448.
446
What is the remainder when 1214105 is divided by 102?
101
What is the remainder when 25935 is divided by 22?
19
What is the remainder when 7908 is divided by 48?
36
What is the remainder when 2031983 is divided by 11?
8
Calculate the remainder when 58404 is divided by 2084.
52
Calculate the remainder when 34218 is divided by 552.
546
Calculate the remainder when 10306 is divided by 440.
186
Calculate the remainder when 41371 is divided by 120.
91
Calculate the remainder when 12181 is divided by 149.
112
Calculate the remainder when 284414 is divided by 822.
2
What is the remainder when 24245 is divided by 28?
25
What is the remainder when 47381 is divided by 5921?
13
Calculate the remainder when 545745 is divided by 369.
363
Calculate the remainder when 58586 is divided by 310.
306
What is the remainder when 8156 is divided by 1174?
1112
Calculate the remainder when 36637 is divided by 8.
5
What is the remainder when 23214 is divided by 20?
14
Calculate the remainder when 13915 is divided by 1855.
930
Calculate the remainder when 2989 is divided by 383.
308
Calculate the remainder when 1340792 is divided by 400.
392
Calculate the remainder when 15514 is divided by 553.
30
What is the remainder when 3430 is divided by 57?
10
What is the remainder when 5751 is divided by 27?
0
What is the remainder when 41455 is divided by 797?
11
What is the remainder when 54442 is divided by 226?
202
What is the remainder when 4215 is divided by 1395?
30
What is the remainder when 9183 is divided by 101?
93
Calculate the remainder when 824364 is divided by 117764.
16
What is the remainder when 182319 is divided by 3?
0
What is the remainder when 305828 is divided by 67?
40
What is the remainder when 26569 is divided by 173?
100
What is the remainder when 2345 is divided by 238?
203
What is the remainder when 23492 is divided by 48?
20
Calculate the remainder when 3063 is divided by 21.
18
Calculate the remainder when 46472 is divided by 23233.
6
Calculate the remainder when 70881 is divided by 70872.
9
Calculate the remainder when 5785 is divided by 81.
34
What is the remainder when 23410 is divided by 110?
90
Calculate the remainder when 489 is divided by 479.
10
What is the remainder when 3101 is divided by 142?
119
Calculate the remainder when 9328 is divided by 44.
0
Calculate the remainder when 681119 is divided by 120.
119
What is the remainder when 8125 is divided by 276?
121
What is the remainder when 77587 is divided by 107?
12
Calculate the remainder when 5265 is divided by 2236.
793
What is the remainder when 45538 is divided by 55?
53
Calculate the remainder when 10420 is divided by 79.
71
What is the remainder when 22072 is divided by 46?
38
Calculate the remainder when 150005 is divided by 83.
24
What is the remainder when 16814 is divided by 8?
6
What is the remainder when 8959 is divided by 55?
49
What is the remainder when 327839 is divided by 32?
31
What is the remainder when 1536 is divided by 241?
90
What is the remainder when 167933 is divided by 53?
29
Calculate the remainder when 3405 is divided by 2921.
484
Calculate the remainder when 375249 is divided by 647.
636
Calculate the remainder when 698710 is divided by 87337.
14
What is the remainder when 220603 is divided by 105?
103
Calculate the remainder when 113502 is divided by 22699.
7
What is the remainder when 70049 is divided by 70016?
33
Calculate the remainder when 178604 is divided by 11.
8
What is the remainder when 4862 is divided by 145?
77
What is the remainder when 124725 is divided by 36?
21
What is the remainder when 4685 is divided by 152?
125
Calculate the remainder when 67805 is divided by 32.
29
Calculate the remainder when 9908 is divided by 706.
24
Calculate the remainder when 2983 is divided by 469.
169
Calculate the remainder when 21053 is divided by 87.
86
What is the remainder when 45333 is divided by 87?
6
Calculate the remainder when 3428 is divided by 3282.
146
Calculate the remainder when 4403 is divided by 33.
14
Calculate the remainder when 18006 is divided by 1385.
1
Calculate the remainder when 5417 is divided by 605.
577
Calculate the remainder when 331941 is divided by 10.
1
Calculate the remainder when 444 is divided by 436.
8
Calculate the remainder when 21959 is divided by 1568.
7
Calculate the remainder when 58385 is divided by 2162.
11
What is the remainder when 1191826 is divided by 22?
20
What is the remain